*k = -8*k - 431. Is v a multiple of 8?
True
Let s(d) be the second derivative of 0 - d**3 + 29*d + 1/10*d**5 - 1/12*d**4 - 17/2*d**2. Is s(5) a multiple of 36?
False
Let y(p) = -244*p - 266. Let x be y(-13). Suppose -5*f = -3*s + 2902, -f = 3*s - 2*f - x. Is 19 a factor of s?
True
Suppose -2*k = 4*g + 10, -5*k + 6*g = 9*g - 10. Suppose -k*l = -31*l + 18590. Is 65 a factor of l?
True
Let h = -1692 - -2788. Is 8 a factor of h?
True
Let k = -254 + 249. Does 27 divide ((1980/24)/k)/(3/(-22))?
False
Suppose 12*z = 8*y - 11*y + 76197, -z - 5*y + 6383 = 0. Is z a multiple of 92?
True
Let p(w) = -w**2 - 16*w - 9. Let f be p(0). Let q = 70 - f. Does 2 divide q?
False
Let l(s) = 38*s**2 + 36*s**2 + 11*s + 11*s + 108 + 4*s. Is 15 a factor of l(-4)?
False
Let s(m) = 1828*m - 948. Does 18 divide s(3)?
True
Let s be 1*(1*6)/(-37 + 39). Suppose -s*n - 5*z + 876 = 0, 4*n - 1182 = 2*z - 4*z. Does 11 divide n?
True
Let y be (-24 - -23)*172/1. Let p = 230 + y. Does 37 divide p?
False
Let m(u) = -54*u**3 - 12*u**2 - 16*u - 202. Does 30 divide m(-7)?
False
Let w = -1492 + 1565. Suppose t - 2*i = 41, -2*t + 0*t + 88 = -2*i. Suppose 4*v = w + t. Is v a multiple of 2?
True
Suppose 2*r = -c + 2160, 0 = 3*r - 0*r + 15. Is c a multiple of 35?
True
Let m = 256 - -68. Suppose m = -16*y + 1412. Is y a multiple of 4?
True
Let t(s) = -3*s + 16. Let r(w) = -3*w + 15. Let j(m) = 7*r(m) - 6*t(m). Does 7 divide j(0)?
False
Suppose -41*c - 12 = -44*c. Suppose 396 - 64 = c*x. Suppose -257 = -i - x. Is i a multiple of 37?
False
Let a = 228 + -594. Let t = -278 - a. Is t a multiple of 8?
True
Let m = 9548 - 8620. Is m a multiple of 11?
False
Let d = 77 + -104. Is 26 a factor of d/45 + 653/5?
True
Suppose 11 = -3*x - 14*s + 18*s, 3*x - 4 = s. Suppose 2*a + 7*q + 215 = 821, -2*q + 909 = x*a. Is 6 a factor of a?
False
Let u = 51 + -46. Suppose -u*s + 346 - 11 = 0. Is s a multiple of 5?
False
Does 11 divide (-29)/(-261) + (-62)/(-9) + -7 + 16841?
True
Let o = 28520 + -5145. Does 275 divide o?
True
Suppose 16*g + 21 = 13*g. Let w be ((-14088)/21)/(-4) - 2/g. Let r = w - 50. Does 15 divide r?
False
Let w(c) = c + 18. Let j be w(-1). Does 76 divide (20/3)/(j/969)?
True
Suppose -5*k = 4*i - k - 948, 2*i - 2*k - 474 = 0. Let r = 687 - i. Is r a multiple of 30?
True
Let i be 16/24 - 4/(-3). Suppose 2*u - y = 5*u - 2, 20 = i*u - 4*y. Is 15 a factor of ((-10)/6)/(u - (-146)/(-72))?
True
Suppose v + i + 438 = 0, 2*i - 215 = v + 232. Is (v/(-2) - 4) + 3/2 a multiple of 6?
False
Let y(k) = 408*k + 203. Is y(2) a multiple of 3?
False
Let l(p) = 985*p - 360. Is l(6) a multiple of 28?
False
Let x = 1657 + -2393. Let o = x + 1036. Does 23 divide o?
False
Let c = 48 - 46. Suppose -6 = -c*x + 4. Suppose 24 = 3*y - s, 3*y - x*s - 10 = 26. Is 5 a factor of y?
False
Let c(l) = 3*l**2 - 6*l - 7. Let u be c(-2). Suppose -3 - u = -5*b + 4*w, 0 = -b - 2*w + 4. Suppose -96 = b*g - 8*g. Does 12 divide g?
True
Let g = -419 - -419. Let p(m) = -21*m + 64. Is 4 a factor of p(g)?
True
Suppose 4*j - 5*x = 100578, 4*j - 31*x - 100554 = -30*x. Does 133 divide j?
True
Let s(z) = 8*z**3 - 2*z**2 - 14*z + 62. Is s(5) a multiple of 74?
False
Let z(u) = u**3 + 10*u**2 + 7*u + 51. Let c = -910 - -904. Is 7 a factor of z(c)?
False
Suppose -16*j = -2*j - 9603 - 20189. Is j a multiple of 11?
False
Let q = 13 + -7. Let l(y) = 11*y**2 - 55*y + 7. Is 48 a factor of l(q)?
False
Let b = -67 + 82. Suppose 16*c = b*c + 5. Suppose -2*z = -3*s + z + 273, -c*s - z = -479. Is s a multiple of 19?
True
Let m(f) = -f**3 + 25*f**2 - 26*f + 58. Let h be m(24). Let g(l) = -l**3 + 11*l**2 + 13*l - 33. Let t be g(h). Suppose -o + t = -78. Does 18 divide o?
False
Let v(l) = -150*l**3 - 6 + 146*l**3 - 4*l + 2*l - 3*l**2. Is 41 a factor of v(-4)?
False
Suppose -121*u + 201516 = -100*u. Is 84 a factor of u?
False
Let k be 2 + (-21310)/(-15) + (-2)/(-6). Let d = k - 794. Is d a multiple of 72?
False
Let s be (-189)/(-54) - 1/2. Suppose 0*m + 72 = s*v - 3*m, 0 = -2*m - 8. Does 10 divide v?
True
Is 100 a factor of 2/(-5)*4 - (1191262/145)/(-1)?
False
Is 320/(-48)*18777/(-44) a multiple of 10?
False
Suppose t + 3*f - 5468 = 0, -3*t - 2*f + 2095 + 14344 = 0. Is 23 a factor of t?
False
Let x = 278 + 71. Suppose -x - 16 = -g. Is g a multiple of 8?
False
Suppose -13*v + 10*v - 117 = 0. Let m be (-2)/(-6) - 221/v. Suppose -95 = m*q - 11*q. Is q a multiple of 3?
False
Let y be (-34 - -19)*(8/(-6) - -1). Suppose 0 = -y*z - 2*r + 213, 3*z - 7*r + 3*r = 133. Is z a multiple of 32?
False
Let x(w) = 93*w**3 - 94*w**3 - 22*w**2 - 2*w + 23 + w**2. Let j be x(-21). Suppose -t - j = f - 237, 5*f + 20 = 0. Is 16 a factor of t?
True
Suppose 96436*m - 10426 = 96437*m - 35581. Is 65 a factor of m?
True
Let s(o) = -4471*o + 228. Is 35 a factor of s(-2)?
True
Does 15 divide (-148947)/(-131) + 3*1?
True
Suppose -2*i = -l - 610, -3*l = -2*l + 2. Suppose -305*c = -i*c - 255. Is c a multiple of 7?
False
Suppose 5*v + 30 = 5*u + 190, -v - 4*u + 42 = 0. Suppose -4*o - 53 - v = d, 2*d + o + 153 = 0. Let l = -36 - d. Is l a multiple of 18?
False
Let l(h) be the third derivative of -2/3*h**3 - 1/120*h**6 + 1/8*h**4 + 1/15*h**5 + 0*h + 0 + 8*h**2. Is 8 a factor of l(4)?
True
Is 4 a factor of (-995517)/(-162) - ((-2)/(-2))/6?
False
Let y = -3908 - -4790. Is 18 a factor of y?
True
Let y be (-120)/(-42) + (-3)/(-21). Suppose 4*c + 3*p - 159 = 0, -y*p + 165 = 5*c - 6*p. Is 9 a factor of c?
True
Let h = -372 + 9549. Is 21 a factor of h?
True
Suppose 55*h - 44424 = 45*h + 25116. Is 11 a factor of h?
False
Let f(n) be the first derivative of -27*n**2/2 - 32*n - 2. Suppose 2*r - 2*m = -10, -5*m = 3*r - 0 + 23. Is f(r) a multiple of 10?
True
Let m(y) = -y**3 + 78*y**2 - 108*y + 781. Is m(76) a multiple of 32?
False
Let g be 16/(-6)*3/2. Let m = g + -65. Let h = m + 86. Does 16 divide h?
False
Let o = 151 - 91. Is 7 a factor of o/(4/1 - (4 - 1))?
False
Let b(m) be the third derivative of -3/2*m**3 - 23*m**2 + 1/8*m**4 + 0 + 0*m. Is 9 a factor of b(12)?
True
Suppose -79610 = -25*d + 323390. Does 50 divide d?
False
Suppose 3 = -3*k + 138. Let o = k + -45. Suppose -3*t = -4*b + 396, o = t - 4*t. Is b a multiple of 24?
False
Let i = -34 + -144. Let c = i - -200. Does 16 divide c?
False
Let b(a) = a**3 - 4*a**2 - 6*a - 3. Let h be b(5). Let u(k) be the third derivative of k**5/60 + k**4/12 - 5*k**3/2 + 33*k**2. Does 11 divide u(h)?
True
Suppose -4*k = -k - 5*z - 49, -4*k + 4*z + 60 = 0. Let j = 17 + 3184. Suppose -k*s = -1024 - j. Does 25 divide s?
True
Let k = 14218 + -8264. Suppose 0*d = -13*d + k. Does 16 divide d?
False
Suppose 0 = 3*v - 5*m + 21, -3 = v + m - 4. Does 9 divide (2 - v - 157)/((-4)/4)?
True
Suppose -g + 4782 = q, 0*q = 5*q + 2*g - 23928. Does 19 divide q?
True
Let s(q) = q**3 + 8*q**2 + 8*q + 4. Let l be s(-6). Suppose -3*z + l = 4*z. Suppose 0 = -10*u + z*u + 300. Does 25 divide u?
True
Let x(j) = 2*j**3 - 13*j**2 + 11*j - 21. Let i be x(7). Does 61 divide (-982)/(-8) - i/140?
True
Suppose 86*w = 84*w + 696. Let g(m) = -61*m**2 + m. Let i be g(-1). Let t = i + w. Is t a multiple of 10?
False
Let g be ((-13731)/(-46))/(1/2). Suppose -5*d + 1004 = -4*r, -3*d - 3*r + g = -0*d. Is 4 a factor of d?
True
Suppose 17*r = 12*r + 30. Suppose a + 2*v - 39 = -0*a, 0 = 2*v + r. Does 17 divide 10/a + 2570/18?
False
Let a(g) = -9*g**2 - 45*g. Let o be a(-5). Suppose f - 3*c = -0*f + 771, o = -f + 4*c + 775. Is 21 a factor of f?
False
Let h = 2056 - -808. Is h a multiple of 179?
True
Let i = 4455 - -12190. Does 40 divide i?
False
Suppose 2*u = -u - w - 217, 5*w - 283 = 4*u. Suppose x = -3*z - 45, 6*z = 2*z - 4. Let c = x - u. Is c a multiple of 15?
True
Let f be (-32)/(-64) - (-3)/(-6). Suppose -59*l + 52*l + 9968 = f. Is 37 a factor of l?
False
Let n = 3673 - 280. Is 39 a factor of n?
True
Suppose -3*f + 5*j + 8126 = -33443, -8 = 4*j. Is 120 a factor of f?
False
Suppose -2*d = 3*i - 254, -4*i = -43*d + 41*d + 282. Is 7 a factor of d?
True
Suppose 5*u + 30 = 5*a, 3*a - 4*a = 4*u + 4. Suppose 23 = g + i - a*i, 2*i = 4*g - 42. Is g a multiple of 2?
True
Suppose -3*j - 2*p = 13, 3*p = 5*j + 11 + 17. Let q = j - -3. Is 13 a factor of -78*(q + (-6)/(-4))?
True
Suppose 2*k = 5*b - 3, 3*b = 5 - 2. Let w be (k - 12)/(3/(-11 + 2)). Let a = w + 26. Is 6 a factor of a?
False
Let v be (3/(-4))/(1/(-468)